= v - -1. Suppose 124 = 7*a - r*a. List the prime factors of a.
31
Suppose -507 = -5*x + s, -5*x - 2*s = -193 - 323. Suppose 2*a + 26 = 2*p - p, -4*a = 5*p - x. What are the prime factors of p?
2, 11
Let l(w) = -w + 16. Let q be l(12). Suppose -262 = -2*m + 6*m - 2*a, -q*a + 140 = -2*m. Let x = m + 121. List the prime factors of x.
3, 19
Let i = -3 - -13. Suppose x - i*x + 180 = 0. List the prime factors of x.
2, 5
Let o be (-2 - -3) + 5 - -1. List the prime factors of o/(-1)*48/(-14).
2, 3
Let m = 336 - 55. What are the prime factors of m?
281
Suppose 3*j - 6*j = -2*o + 40, 5*o - 93 = 4*j. List the prime factors of o.
17
Let t = -74 + 78. Suppose -t*b + 4*o + 120 = -0*b, -3*b + 2*o + 94 = 0. What are the prime factors of b?
2, 17
Suppose -3*m = -3*q - 24, 2*m - 6*q + 8*q = 12. What are the prime factors of m?
7
Suppose -27*l + 81802 + 8054 = 0. List the prime factors of l.
2, 13
List the prime factors of 751 - 5 - 0 - 0 - 3.
743
Let f be -5*((-3)/(-15) + -1). Suppose -t = 3*m - 33, -f*t + 5*t + 5*m = 35. What are the prime factors of t?
2, 3, 5
Let m = 546 + -357. What are the prime factors of m?
3, 7
Suppose 4*u - d = 2*d + 8, 5*d = -5*u + 10. Suppose 5*w + 4 - 10 = 3*v, -u*v - w = -9. Suppose -b - 8 = -v*c, -4*b + 39 = 4*c - 9. List the prime factors of b.
7
Suppose 3*r + 5*h - 37 = 0, 2*r - 3*r + 5*h = 21. Suppose r*l - 4 = 260. Let d = l + -40. What are the prime factors of d?
2, 13
Let g be 4/(-10) - 324/(-10). Suppose -2*r = 4*s - 5*s - 20, 3*r = -s. List the prime factors of (g/s)/((-2)/9).
2, 3
Suppose -2*h + 5*g + 365 = 0, -5*h + g + 119 = -736. Suppose -3*d + h = -85. Let r = -55 + d. What are the prime factors of r?
2, 3, 5
Let a be 0 + (-1735 - -4)/(-3). Suppose -6*z = -941 - a. List the prime factors of z.
11, 23
Suppose -729 = -0*g + 3*g. What are the prime factors of 2932/9 + 3/(g/(-18))?
2, 163
Suppose -2*z + j - 166 = 0, -76 = 5*z - 4*z - 4*j. Let i = -54 - z. What are the prime factors of i?
2, 3, 5
Let t = 125 - 26. Let m = 8 + t. What are the prime factors of m?
107
Let s = 179 + -69. Suppose 2*m - 4*q = s, 0 = -5*m - 5*q + 371 - 96. What are the prime factors of m?
5, 11
Let v be (-237)/(-15) + (-3)/(-15). Suppose -13*y = -11*y - v. Suppose y = h + 3. What are the prime factors of h?
5
Suppose 362 = 3*r + k + 4*k, 3*k = -5*r + 582. Let y = r - 46. Suppose -b = b - y. List the prime factors of b.
2, 17
Let f(w) = -w**3 - 3*w**2 + 2*w - 3. Let i(v) = -v - 1. Let g be i(2). Let d be f(g). Let u(a) = a**3 + 9*a**2 - 3*a - 13. List the prime factors of u(d).
2, 7
Suppose 5*y + 18 = -4*v + 3*y, y = -3. What are the prime factors of (-1 - v)/(((-6)/225)/(-1))?
3, 5
Let v be 12*-3 - (-2 - 0). Let r = 52 + v. What are the prime factors of r?
2, 3
Let q = -93 + 93. Suppose q = -6*i + 206 + 148. List the prime factors of i.
59
Let f(b) = b. Let l(p) = -49*p + 13. Let u(m) = -f(m) - l(m). List the prime factors of u(3).
131
Suppose -45 = -4*k + 951. Let l = k + -141. What are the prime factors of l?
2, 3
Let a = 68 + -95. Suppose 0 = 2*c + 3*z + 39, 0 = -4*c + 5*c - z + 12. Let f = c - a. What are the prime factors of f?
2, 3
Suppose -j - 16 = -2*v, -5*v - 6*j = -2*j - 40. Suppose 6*i - 16 = v. What are the prime factors of i?
2
Suppose 54 + 48 = -6*g. Let q = g - -41. What are the prime factors of q?
2, 3
Suppose l = 13 + 2. Let d = 23 - l. Suppose -345 = -d*w - 73. List the prime factors of w.
2, 17
List the prime factors of 330/2*66/110.
3, 11
Let x(z) = z**3 + 17*z**2 - 19*z - 15. Let q be x(-18). Suppose 4*a = -3*y + 212, -5*y + 3*y - q*a + 140 = 0. List the prime factors of y.
2, 19
Let l(p) = 175*p + 3754. List the prime factors of l(0).
2, 1877
Suppose -3*i - 2360 + 2786 = 0. List the prime factors of i.
2, 71
Suppose 4*y - 7*x + 5*x - 1910 = 0, -y + 482 = -5*x. List the prime factors of y.
3, 53
Let z be (30/(-45))/(2/(-12)). Suppose -3*k = x - 4*k - z, 5*x - 17 = 2*k. Suppose -1 = -x*g + 4*c - 0, -2*g + 24 = 2*c. What are the prime factors of g?
7
Let w be 3/(-2)*(1 + 5). Let f = 19 + w. Let s = f - -9. List the prime factors of s.
19
Suppose 5*l - 6895 = 5*s, -1379 = -l - 2*s + s. List the prime factors of l.
7, 197
Let m be -3 - -4 - -2*1. Suppose 0 = m*a + 5*d - 20, 3*a + 2*a - d = -4. Suppose a = -z + 1, 0 = -2*f - f - 3*z + 183. What are the prime factors of f?
2, 3, 5
Let u(n) = -n**2 - 46*n - 126. List the prime factors of u(-36).
2, 3, 13
Suppose -p + 3*g + 16 = -0*p, -2*g = -4*p + 24. Suppose -16 = -2*u - 4*y, -4*u = -7*u + y + 17. What are the prime factors of (-1290)/(-45) - p/u?
2, 7
Let y(a) = 13*a**2 - 31*a + 21. Let o(w) = -3*w**2 + 8*w - 5. Let q(u) = -9*o(u) - 2*y(u). Let c be q(10). Suppose 5*t - 32 = c*t. List the prime factors of t.
2
What are the prime factors of ((-15)/2)/(3 - (-1540)/(-512))?
2, 3, 5
Suppose -7*w = -3*w. Suppose w = -4*v - 8 - 16. Let m(d) = 2*d**2 + 7*d - 1. List the prime factors of m(v).
29
Suppose 3*t + 10*i = 12*i + 154, 0 = -4*i + 16. What are the prime factors of t?
2, 3
Let x = -39 + 30. Let z(j) = -2*j - 9. List the prime factors of z(x).
3
Let c = -3064 + 5949. What are the prime factors of c?
5, 577
Let o(g) = 8*g - 15. Let u(d) = -d**3 - 2*d**2 + 4*d - 4. Let k be u(-4). What are the prime factors of o(k)?
3
Suppose 2*m = -3*z + 4804, 7*z = 9*z - 4*m - 3192. List the prime factors of z.
2, 5
Let n(s) = 3*s + 12*s**2 + s + 3*s - 2*s. Let x be n(-4). Suppose 4*u + p + 2*p - x = 0, -5*u = -5*p - 180. What are the prime factors of u?
2, 5
Suppose -16*y = -11*y - 10. Suppose 2*p + 2*n = -y*n + 314, -3*p - 4*n + 477 = 0. What are the prime factors of p?
163
Let a(f) = f**3 + 6*f**2 + 5*f + 6. Let p be a(-5). Suppose y = 4*w + 125, -p*y = -y - 3*w - 557. List the prime factors of y.
109
Suppose 2*a = -0*a + 6. Suppose 5*m - 294 + 109 = 0. Suppose 8 + m = a*k. List the prime factors of k.
3, 5
Let v(l) = -12*l - 13. What are the prime factors of v(-21)?
239
Let z be 3*1/(-12)*0. Let m(w) = -w**2 - w + 60. What are the prime factors of m(z)?
2, 3, 5
Let f = 107 + 21. What are the prime factors of f?
2
Suppose -f - 2 = -5. Suppose 0 = -3*s + z - 30, 0 = -2*s - 0*z - 5*z - f. Let y(d) = -d**3 - 7*d**2 + 17*d - 3. List the prime factors of y(s).
2, 3
Let g = 8 + 1. Suppose -7*y - 54 = -g*y. Let u = 56 - y. List the prime factors of u.
29
Let a(c) = -8*c**3 - 2*c**2 + 10*c + 37. What are the prime factors of a(-4)?
3, 53
Let u be 5*(3 + -7 - -5). Let q(p) = 8*p**2 - 6*p - 1. What are the prime factors of q(u)?
13
Let s(r) = 15*r**2 + 5*r. List the prime factors of s(-4).
2, 5, 11
Suppose 0 = t - 0*t - 2. Suppose -5*h = -5*a - 145, -t*a - 11 = -1. List the prime factors of h.
2, 3
Let d(q) = -2*q + q + 0*q**2 - 68*q**3 - 2*q**2. What are the prime factors of d(-1)?
67
Let r = 10 + 14. What are the prime factors of r/6 - 28*-2?
2, 3, 5
Suppose 2*f + 6*t = t - 25, -3*t - 15 = f. Suppose f*b = 2*b - 4, -3*g + 26 = 4*b. Suppose 10*l - g*l = 116. What are the prime factors of l?
29
Suppose -4*c = 29 + 171. Let l = -38 - c. What are the prime factors of l?
2, 3
Let h(o) = -4*o**2 - 48*o - 22. List the prime factors of h(-11).
2, 11
Suppose 0 = -4*f - 4*o + 4716, 2*o + 1169 = f - 2*o. Let y = f + -829. List the prime factors of y.
2, 3, 29
Let g(x) = -44*x - 20. Let l(q) = -9*q - 4. Let m(b) = 3*g(b) - 14*l(b). What are the prime factors of m(-8)?
2, 11
Suppose 15 = -4*z + 3. Let h(d) be the third derivative of -d**4/6 - 5*d**3/6 - 7*d**2. What are the prime factors of h(z)?
7
Suppose -36 = -4*k + 3*y, -19*k + 5*y + 40 = -14*k. Let h = -157 + 223. Suppose 14*j - h = k*j. List the prime factors of j.
3, 11
Suppose 8*w = 3*w - 10. Let n be (-3)/w - 17/(-2). Suppose 2*r + 2 = 2*y, -3*r = -n + 1. What are the prime factors of y?
2
Suppose -10968 = -2*a + 4*y, 6*a + 5*y = 2*a + 21871. What are the prime factors of a?
2, 7, 17, 23
Let q be (-30)/(-4)*352/55. Suppose 0 = q*i - 58*i + 280. List the prime factors of i.
2, 7
Let g(q) be the second derivative of -q**3/3 - q. Suppose -1 = -3*i - 4. What are the prime factors of g(i)?
2
Let d(x) be the third derivative of -x**4/2 - 11*x**3/2 - x**2. Let s(i) = 8*i + 22. Let t(j) = -5*d(j) - 8*s(j). What are the prime factors of t(-9)?
5
Suppose 2*s = b + 964, -46*s = -51*s + 3*b + 2410. What are the prime factors of s?
2, 241
Let u(v) = v - 1. Let y b